
Let x(v) = -3*v + 54. Let g be x(0). Suppose -j = -q - 29, 4*j = q + 161 - g. What is the remainder when j is divided by 7?
5
Let d = 82 - -56. Calculate the remainder when d is divided by 14.
12
Let z(y) = -y**3 + y - 2. Let a be z(-2). Let v(r) = -a - r**2 - 5*r**2 + 5*r**2 + r**3. What is the remainder when v(5) is divided by 33?
30
What is the remainder when 178 is divided by (-10)/(-65) + 258/13?
18
Let v(g) = -g**2 + 36*g - 92. Suppose 0 = 2*a + 2*y - 3*y + 11, -5*a + 3*y - 29 = 0. Let m(c) = -4*c - 5. What is the remainder when m(a) is divided by v(33)?
4
Suppose -105 = -9*c - 60. What is the remainder when c is divided by 1?
0
Suppose -19*l + 506 = 468. What is the remainder when 9 is divided by l?
1
Suppose -4*m = -3*f - 0*f + 29, 5*f = 3*m + 30. Suppose -v + f = -0. Suppose -v*b = -b - 6. Calculate the remainder when 8 is divided by b.
2
Let n = 490 - 325. Calculate the remainder when n is divided by (-1)/3*-3*(20 - -1).
18
Let v = 1153 - 1138. Let p be -2 - 3/(9/(-12)). Suppose -4*d - 2*c - p*c = -220, 2*c = -5*d + 284. Calculate the remainder when d is divided by v.
13
Suppose -7*a + 87 = -32. What is the remainder when 70 is divided by a?
2
Let z = -2360 - -2651. What is the remainder when z is divided by 31?
12
Suppose 19*u = 20*u - 4*q - 163, -u + 5*q = -161. What is the remainder when u is divided by 23?
10
Suppose -4*w + 7 = -3*r, 2*r = -w + 4*w - 5. Suppose 4*u - 6 = -y + 4, -3*y + 16 = 5*u. Let q = y - 1. What is the remainder when w is divided by q?
0
Suppose 12*b - 7*b - 2*s = 272, 0 = 5*b + 5*s - 300. Calculate the remainder when 99 is divided by b.
43
Let z(h) = -5*h + 162. What is the remainder when z(18) is divided by 27?
18
Let h be (-1 - -2) + 5 + 3. Let m(z) = 33*z**2 - 10*z + 6. What is the remainder when m(2) is divided by (-1)/3*-8*h?
22
Let b(m) = -2*m**3 - 6*m**2 - 5*m - 1. Calculate the remainder when 40 is divided by b(-3).
12
Suppose -1015 = -49*q - 231. What is the remainder when 109 is divided by q?
13
Suppose 4*z - 60 = 3*n, -4*n - 60 = -3*z - z. Let p = 599 + -541. Calculate the remainder when p is divided by z.
13
Let u(p) = -p**3 + 12*p**2 - 20*p + 13. Calculate the remainder when 38 is divided by u(10).
12
Let r be -1*-10*2/4. Let p(y) = 4 + r + 8*y - 2. What is the remainder when p(5) is divided by 12?
11
Let z = 0 - -49. What is the remainder when z is divided by 976/54 - (-36)/(-486)?
13
Let d be 137/7 - (-27)/63. Suppose 5*q = d, 4*k + 0*q + 4*q - 180 = 0. What is the remainder when k is divided by 21?
20
Suppose -3*y = -3 + 6. What is the remainder when 14 is divided by -7*(4 + -4 + y)?
0
Let i(d) = d + 12. Calculate the remainder when 34 is divided by i(-4).
2
Let d(i) = i**3 + 19*i**2 + i + 49. Calculate the remainder when 89 is divided by d(-19).
29
Let n(b) = 2*b - 13. Let m(c) = -2*c + 13. Let h(g) = -6*m(g) - 7*n(g). Let p be h(0). Suppose 0 = -t + p. Calculate the remainder when 36 is divided by t.
10
What is the remainder when -1*19/(-2)*2 is divided by ((-133)/(-38))/(2/4)?
5
Let t = 2182 - 2170. Let o = -204 - -322. What is the remainder when o is divided by t?
10
Suppose 25*y = 26*y - 5*c - 44, 4*y - 3*c = 125. Calculate the remainder when y is divided by 13.
3
Suppose 4*m = -2*q - 54 - 0, 2*q = -2*m - 26. Let w = -1 - 1. What is the remainder when (-262)/m + w/(-7) is divided by 10?
9
Let a = 4 + -1. Let k = a + 0. Let d = k - -10. Calculate the remainder when 50 is divided by d.
11
What is the remainder when 446 is divided by ((-918)/36 + 13)*2/(-1)?
21
Suppose 5*f = 2*m - 35, m - 1 + 0 = -3*f. Suppose 2*l - l - 2*c = 23, 5*l + 2*c = 151. What is the remainder when l is divided by m?
9
Suppose 2*z - 56 - 46 = 0. Let i = z + -27. Calculate the remainder when 71 is divided by i.
23
Let l(t) = 47*t**2 - t. Let s(g) = g**2 - g. Let j(x) = l(x) - 3*s(x). Calculate the remainder when j(-3) is divided by 49.
47
Suppose -2*j + 21*m + 314 = 23*m, 472 = 3*j + 4*m. Calculate the remainder when j is divided by 20.
16
Let t(x) = -6*x**3 - 2*x**2 - x + 1. Let p be t(-3). Suppose -3*n = n - p. Calculate the remainder when n is divided by (3 - (4 - 8)) + 1.
5
Let m(y) = -y**3 + y**2. Let k be m(1). Suppose k*a - 5*a = 0. Suppose 3*q + 6 - 48 = a. What is the remainder when 54 is divided by q?
12
Suppose 4*x + 2*g - 22 = 0, 1 = 4*g - 3. Calculate the remainder when 11 is divided by x.
1
Let g = 221 + -157. What is the remainder when 255 is divided by g?
63
Let h be (2 + 260/8)*2. Suppose 0 = -5*o - 3*k + 144, 3*o + k - 5*k = h. Calculate the remainder when o is divided by 10.
7
Let t be 90/(-27) + 2/6. What is the remainder when 8/(-3*t/72) is divided by 11?
9
Suppose -4*a + 148 = 3*k, 3*a = -5*k + 3 + 229. What is the remainder when 152 is divided by k?
20
Suppose 14*w + 1912 = 18*w - 3*p, p + 4 = 0. Calculate the remainder when w is divided by 96.
91
Let o = -696 - -769. Let x(y) = 6*y - 5. Let d be x(7). Suppose 4*k = 5*k - d. Calculate the remainder when o is divided by k.
36
Let o(j) = j - 49. Let p be o(9). What is the remainder when 14 is divided by (-296)/p - (-3)/5?
6
Suppose 1277 = 31*b - 149. What is the remainder when b is divided by 4?
2
Let n = 210 + -199. Calculate the remainder when 40 is divided by n.
7
What is the remainder when 11 is divided by 1728/324*3/8?
1
Suppose 3*m - 78 + 69 = 0. Calculate the remainder when 40 is divided by m.
1
Suppose -5*c = -5*k + 465, 20*k - 108 = 19*k - 2*c. What is the remainder when k is divided by 33?
32
Suppose 4*g - d + 48 = 146, 26 = g - d. What is the remainder when 257 is divided by g?
17
Suppose j = -4*d + 58, 0 = -4*j - 2*d - 0 + 176. Calculate the remainder when 200 is divided by j.
32
Let w(c) = -c**2 - 5*c - 2. Let d be w(-2). Suppose 3*l - 174 = -2*p, 0*p + 215 = d*l - 3*p. What is the remainder when l is divided by 29?
27
Suppose -7*d = -5*d. Suppose d = 5*i - 2*i - 42. What is the remainder when i is divided by (1 + -2)/(3/(-15))?
4
Let r = 1461 - 803. What is the remainder when r is divided by 55?
53
Suppose 0 = -a + 3*v - 7, -4 - 7 = 2*a - 3*v. Let c = a - -3. Calculate the remainder when 4 + c + 18/6 is divided by 4.
2
Let l(q) = q**3 + 7*q**2 - 8*q + 34. Let u(s) = s**3 + 6*s**2 + 6. Calculate the remainder when l(-8) is divided by u(-6).
4
Let w(k) = 3*k + 26. Let m be w(-14). Let l = m - -52. What is the remainder when l is divided by 20?
16
Let g(d) = 2*d - 15. Let v = 57 + -36. Calculate the remainder when g(v) is divided by 15.
12
Let z(q) = q**3 - 2*q**2 - q - 2. Let n be z(3). Let f(v) = 4*v**2 - n*v**3 + 5 + 5*v**3 + 13*v - 18*v. What is the remainder when 13 is divided by f(-5)?
3
Let d(q) = -32*q + 731. What is the remainder when d(19) is divided by 39?
6
Let s(j) = -j**3 + 8*j**2 + 61*j - 2. Calculate the remainder when 66 is divided by s(-5).
12
Suppose 27*i - 20 = 22*i, 2*i = -4*n + 220. Calculate the remainder when 740 is divided by n.
51
Let n = -18 + 73. What is the remainder when n is divided by 7?
6
Suppose -6 = -o + 2*v, 37 = 4*o + 4*v - 11. What is the remainder when 57 is divided by o?
7
Let d be (-8)/20 + (-24)/(-10). Suppose -5*y - 1236 = d*o, -3*y - 3052 = -o + 6*o. What is the remainder when o/(-14) - (-3)/(-7) is divided by 11?
10
Calculate the remainder when 2*(-1)/(-5) - (-28 - 33/5) is divided by -2 - 15*(-1 - 0).
9
Suppose 2*p + 217 = 4*v + 41, 2*p = 3*v - 132. Suppose 107*c - 109*c = -v. Calculate the remainder when 83 is divided by c.
17
Let u = 3 - -2. Let l = 292 + -290. Calculate the remainder when u is divided by l.
1
Suppose -105*w + 92*w + 2704 = 0. Let a = 32 + -17. What is the remainder when w is divided by a?
13
What is the remainder when 9/15 - 4944/(-60) is divided by 32?
19
Let n = -59 - -88. Calculate the remainder when n is divided by 8/(-60) - (-366)/45.
5
Calculate the remainder when 96 is divided by (2 + (-6)/9)*858/52.
8
Let h be -3 + -1 + 2 + 1. Calculate the remainder when (500/(-16))/(10/(-16)) is divided by 17 + (1 - 3) + h.
8
Let d(t) = t**2 - 25*t - 41. Calculate the remainder when d(-5) is divided by 5.
4
Let p = 63 - 58. Suppose -p*h + 54 = h. What is the remainder when ((-78)/4)/(9/(-24)) is divided by h?
7
Let q(k) = -k**3 + 5*k**2 - 2*k + 5. Let w be q(5). Let h = -35 - -31. Calculate the remainder when (h/(-10))/(w/(-325)) is divided by 14.
12
Suppose 0 = -3*l - 4 -